3352?
696
Calculate the highest common divisor of 61328 and 56.
8
What is the greatest common factor of 22 and 1003200?
22
Calculate the greatest common factor of 2970 and 130.
10
What is the highest common factor of 193670 and 2461?
107
Calculate the greatest common factor of 78 and 19578.
78
What is the highest common divisor of 72352 and 1406?
38
Calculate the highest common factor of 108 and 37746.
54
What is the highest common divisor of 248 and 149792?
248
What is the greatest common factor of 304 and 405840?
304
Calculate the highest common divisor of 3354624 and 16.
16
Calculate the highest common divisor of 8330 and 24514.
238
Calculate the highest common divisor of 250392 and 16.
8
What is the highest common factor of 58006 and 2990?
598
Calculate the highest common divisor of 1925 and 7945.
35
What is the greatest common factor of 374996 and 2892?
964
Calculate the highest common factor of 917807 and 44.
11
Calculate the greatest common factor of 5633250 and 750.
750
Calculate the greatest common factor of 1354032 and 432.
144
What is the greatest common divisor of 1478998 and 57?
19
Calculate the greatest common factor of 1203315 and 45.
15
Calculate the highest common divisor of 102 and 254.
2
What is the highest common factor of 64 and 1319040?
64
Calculate the greatest common factor of 28041 and 9906.
39
What is the greatest common factor of 6920785 and 170?
85
Calculate the highest common factor of 10186 and 98156.
926
Calculate the greatest common factor of 82 and 16.
2
What is the highest common divisor of 29115 and 49172?
647
What is the highest common factor of 38902 and 2226?
106
What is the highest common factor of 574 and 17712?
82
What is the greatest common divisor of 416 and 29216?
32
Calculate the highest common divisor of 6262 and 868.
62
What is the highest common divisor of 2013 and 17058?
3
What is the greatest common divisor of 84930 and 18240?
570
Calculate the highest common divisor of 6 and 727143.
3
Calculate the highest common divisor of 1584620 and 20.
20
What is the greatest common divisor of 17750 and 58220?
710
What is the greatest common factor of 952 and 974848?
952
What is the greatest common factor of 364580 and 8?
4
Calculate the highest common factor of 67008 and 60.
12
Calculate the greatest common divisor of 1264 and 656.
16
Calculate the greatest common divisor of 1375 and 125500.
125
What is the greatest common factor of 157883 and 682?
341
Calculate the greatest common factor of 25 and 1628550.
25
Calculate the greatest common factor of 1712 and 8881.
107
Calculate the highest common factor of 70638 and 15738.
366
Calculate the greatest common divisor of 572 and 45188.
572
What is the highest common divisor of 6350 and 878205?
635
Calculate the highest common factor of 116924 and 20.
4
What is the highest common divisor of 119 and 3717?
7
Calculate the highest common divisor of 515 and 2370030.
515
Calculate the highest common divisor of 2340 and 5135.
65
What is the highest common divisor of 37695 and 735?
105
What is the highest common divisor of 160 and 15344?
16
Calculate the greatest common factor of 2065 and 175.
35
What is the highest common factor of 126410 and 10?
10
Calculate the highest common divisor of 7258 and 7676.
38
What is the highest common factor of 37278 and 209?
19
What is the highest common factor of 15469 and 7936?
31
What is the greatest common factor of 6850959 and 411?
411
Calculate the highest common factor of 17 and 31552.
17
Calculate the highest common divisor of 16 and 453296.
16
What is the highest common factor of 68020 and 40?
20
Calculate the greatest common divisor of 178368 and 192.
192
Calculate the highest common divisor of 935965 and 10.
5
Calculate the highest common divisor of 24 and 90414.
6
What is the greatest common factor of 14292 and 272?
4
Calculate the highest common divisor of 3536 and 8912.
16
Calculate the highest common factor of 30899 and 176.
11
Calculate the highest common divisor of 223625 and 250.
125
What is the highest common factor of 279 and 1557?
9
What is the highest common divisor of 26075 and 2275?
175
What is the highest common divisor of 47421 and 198?
99
What is the greatest common divisor of 196 and 4746?
14
Calculate the greatest common factor of 53710 and 112660.
1310
What is the greatest common divisor of 246 and 618?
6
What is the greatest common divisor of 225324 and 84?
12
Calculate the greatest common factor of 13 and 4381.
13
What is the greatest common factor of 334683 and 342?
9
What is the greatest common factor of 35886 and 18?
6
Calculate the greatest common factor of 58330 and 1805.
95
Calculate the highest common divisor of 59006 and 42706.
326
Calculate the highest common factor of 6732 and 408.
204
Calculate the greatest common divisor of 413136 and 136.
8
Calculate the greatest common factor of 25464 and 264.
24
What is the highest common divisor of 59270 and 110?
10
What is the greatest common divisor of 484705 and 208?
13
What is the greatest common divisor of 2060072 and 56?
56
Calculate the greatest common divisor of 9947 and 10976.
343
What is the highest common factor of 73 and 772121?
73
Calculate the greatest common divisor of 4664 and 560104.
424
What is the greatest common factor of 12 and 127542?
6
Calculate the greatest common factor of 58 and 34249.
29
What is the highest common factor of 427663 and 58?
29
What is the greatest common divisor of 188188 and 1053?
13
What is the highest common divisor of 11 and 25421?
11
What is the greatest common factor of 33418 and 10912?
682
What is the highest common divisor of 3122053 and 11?
11
What is the greatest common factor of 108 and 9756?
36
What is the highest common factor of 27 and 4009959?
27
What is the greatest common divisor of 200788 and 568?
284
What is the greatest common divisor of 1472 and 3008?
64
Calculate the highest common factor of 777 and 116949.
21
What is the greatest common factor of 209772 and 342?
18
Calculate the greatest common factor of 894 and 77331.
447
Calculate the greatest common factor of 9 and 27333.
9
Calculate the highest common factor of 148 and 53798.
74
What is the greatest common divisor of 53284 and 3114?
346
Calculate the greatest common factor of 218998 and 52.
26
What is the greatest common factor of 206703 and 153?
153
Calculate the highest common divisor of 168659 and 92.
23
What is the greatest common factor of 81792 and 1420?
284
Calculate the highest common divisor of 21206 and 11064.
922
What is the greatest common factor of 1276 and 741994?
638
What is the highest common divisor of 21308 and 3864?
28
Calculate the highest common factor of 85 and 57800.
85
Calculate the greatest common divisor of 10 and 116500.
10
What is the greatest common divisor of 5817 and 16897?
277
What is the greatest common factor of 104331 and 7802?
83
What is the greatest common divisor of 24804 and 22?
2
Calculate the greatest common divisor of 34506 and 54.
54
Calculate the highest common factor of 4735 and 1645.
5
Calculate the greatest common factor of 1197 and 1323.
63
Calculate the greatest common divisor of 3179 and 143.
11
What is the greatest common factor of 57311 and 6913?
223
Calculate the greatest common divisor of 9 and 2235.
3
What is the highest common factor of 857490 and 303?
303
What is the highest common factor of 1811270 and 950?
190
Calculate the highest common factor of 723 and 18.
3
Calculate the greatest common divisor of 10 and 8945.
5
Calculate the greatest common factor of 4633 and 697.
41
Calculate the highest common factor of 133 and 20424145.
133
Calculate the greatest common factor of 17433 and 117.
117
What is the highest common divisor of 4704 and 16674?
42
Calculate the highest common divisor of 26500 and 2500.
500
What is the highest common factor of 1553395 and 134?
67
What is the highest common factor of 13 and 20371?
13
Calculate the greatest common factor of 8 and 8792680.
8
What is the greatest common factor of 10665 and 27?
27
What is the greatest common divisor of 15640 and 493?
17
What is the greatest common factor of 795 and 6095?
265
Calculate the highest common divisor of 615 and 515.
5
Calculate the greatest common factor of 136096 and 56.
8
What is the highest common f